{"id":5975,"date":"2025-10-31T04:23:05","date_gmt":"2025-10-31T04:23:05","guid":{"rendered":"https:\/\/mimitosbalanceados.com\/?post_type=product&#038;p=5975"},"modified":"2025-10-31T04:23:05","modified_gmt":"2025-10-31T04:23:05","slug":"alimento-excellent-perro-adulto-mediano-y-grande-excellent-20-kg","status":"publish","type":"product","link":"https:\/\/mimitosbalanceados.com\/?product=alimento-excellent-perro-adulto-mediano-y-grande-excellent-20-kg","title":{"rendered":"Alimento Excellent Perro Adulto Mediano y Grande &#8211; Excellent 20 Kg"},"content":{"rendered":"<div class=\"collapse-container collapse-container-descripcion false\">\n<div class=\"descripcion\">\n<div class=\"product-description\">\n<div class=\"descripcion\">\n<p class=\"product-description-type_p\">La exclusiva combinaci\u00f3n de ingredientes seleccionados le confiere a las f\u00f3rmulas Excellent\u00ae la propiedad de generar cambios significativos en la calidad de vida de los perros y gatos, a trav\u00e9s de una nutrici\u00f3n de vanguardia con beneficios f\u00e1cilmente comprobables, que van desde una protecci\u00f3n extra al sistema de defensas, un incremento en la absorci\u00f3n de nutrientes, hasta una conformaci\u00f3n m\u00e1s consistente de las heces. Los perros adultos tienen diferentes necesidades nutricionales que los cachorros o los perros maduros. PURINA\u00ae Excellent\u00ae ADULT CHICKEN &amp; RICE ofrece una f\u00f3rmula completa que incluye amino\u00e1cidos esenciales, inulina, vitaminas, minerales y zeolita, aportando un \u00f3ptimo balance nutricional y un sabor irresistible.<\/p>\n<\/div>\n<div class=\"beneficios\"><span class=\"product-description-type_h2\">Beneficios<\/span><\/p>\n<ul class=\"product-description-type_ul\">\n<li class=\"product-description-type_li\">CON INGREDIENTES ACTIVOSFavorecen la formaci\u00f3n de heces firmes<\/li>\n<li class=\"product-description-type_li\">\u00c1CIDOS GRASOS OMEGA 3 Y 6Aportan elasticidad a la piel y brillo al pelaje<\/li>\n<li class=\"product-description-type_li\">CONTIENE PREBI\u00d3TICOSAyudan a optimizar la absorci\u00f3n de nutrientes<\/li>\n<li class=\"product-description-type_li\">PROTE\u00cdNAS DE ALTA DIGESTIBILIDADAyudan a mantener una conformaci\u00f3n corporal ideal.<\/li>\n<\/ul>\n<\/div>\n<div class=\"ingredientes\">\n<ul class=\"product-description-type_ul\">\n<li class=\"product-description-type_li\">Harina de subproductos de pollo, arroz cervecero, ma\u00edz, trigo, harina de carne y hueso vacuno, harina de gluten de ma\u00edz, salvado de ma\u00edz, fibra de soja y\/o salvado de avena, digesto animal (a base de subproductos de pollo y\/o porcino), grasa vacuna y\/o grasa porcina y\/o aceite de pollo preservados con tocoferoles mezclados (fuente de vitamina E), inulina, fosfato bic\u00e1lcico, cloruro de potasio, sal, zeolita, L-lisina, taurina, cloruro de colina, \u00e1cido asc\u00f3rbico (fuente de vitamina C), suplementos vitam\u00ednicos (A, D3, E, B12), sulfato de zinc, proteinato de zinc, sulfato ferroso, sulfato de manganeso, proteinato de manganeso niacina, pantotenato de calcio, suplemento de riboflavina, sulfato de cobre, proteinato de cobre, clorhidrato de piridoxina, mononitrato de tiamina, \u00e1cido f\u00f3lico, iodato de calcio, selenito de s\u00f3dio.<\/li>\n<\/ul>\n<\/div>\n<div class=\"contenido\"><span class=\"product-description-type_h2\">Contenido<\/span><\/p>\n<ul class=\"product-description-type_ul\">\n<li class=\"product-description-type_li\">Prote\u00edna bruta (m\u00edn.)|28,0%<\/li>\n<li class=\"product-description-type_li\">Grasa bruta (m\u00edn.)| 8,0%<\/li>\n<li class=\"product-description-type_li\">Fibra bruta (m\u00e1x.)| 7,0%<\/li>\n<li class=\"product-description-type_li\">Humedad (m\u00e1x.)|12,0%<\/li>\n<li class=\"product-description-type_li\">Minerales (m\u00e1x.)|8,0%<\/li>\n<li class=\"product-description-type_li\">Calcio (m\u00edn.\/m\u00e1x.) |1,1% \/ 1,6%<\/li>\n<li class=\"product-description-type_li\">F\u00f3sforo (m\u00edn.\/m\u00e1x.)| 0,7% \/ 1,3%<\/li>\n<\/ul>\n<\/div>\n<\/div>\n<\/div>\n<\/div>\n<div class=\"collapse-container collapse-container-especificaciones\"><\/div>\n","protected":false},"excerpt":{"rendered":"<p>La exclusiva combinaci\u00f3n de ingredientes seleccionados le confiere a las f\u00f3rmulas Excellent\u00ae la propiedad de generar cambios significativos en la calidad de vida de los perros y gatos, a trav\u00e9s de una nutrici\u00f3n de vanguardia con beneficios f\u00e1cilmente comprobables, que van desde una protecci\u00f3n extra al sistema de defensas, un incremento en la absorci\u00f3n de&#8230;<\/p>\n","protected":false},"featured_media":5976,"comment_status":"open","ping_status":"closed","template":"","meta":{"_uag_custom_page_level_css":"","_kad_post_transparent":"default","_kad_post_title":"","_kad_post_layout":"default","_kad_post_sidebar_id":"","_kad_post_content_style":"default","_kad_post_vertical_padding":"default","_kad_post_feature":"","_kad_post_feature_position":"","_kad_post_header":false,"_kad_post_footer":false},"product_brand":[],"product_cat":[43,32],"product_tag":[],"class_list":{"0":"post-5975","1":"product","2":"type-product","3":"status-publish","4":"has-post-thumbnail","6":"product_cat-excellent","7":"product_cat-perros","8":"product_shipping_class-correo-argentino","10":"first","11":"instock","12":"sale","13":"shipping-taxable","14":"purchasable","15":"product-type-simple","16":"entry","17":"content-bg","18":"loop-entry"},"aioseo_notices":[],"uagb_featured_image_src":{"full":["https:\/\/mimitosbalanceados.com\/wp-content\/uploads\/2025\/10\/202264-1600-1600.webp",1600,1600,false],"thumbnail":["https:\/\/mimitosbalanceados.com\/wp-content\/uploads\/2025\/10\/202264-1600-1600-150x150.webp",150,150,true],"medium":["https:\/\/mimitosbalanceados.com\/wp-content\/uploads\/2025\/10\/202264-1600-1600-300x300.webp",300,300,true],"medium_large":["https:\/\/mimitosbalanceados.com\/wp-content\/uploads\/2025\/10\/202264-1600-1600-768x768.webp",768,768,true],"large":["https:\/\/mimitosbalanceados.com\/wp-content\/uploads\/2025\/10\/202264-1600-1600-1024x1024.webp",1024,1024,true],"1536x1536":["https:\/\/mimitosbalanceados.com\/wp-content\/uploads\/2025\/10\/202264-1600-1600-1536x1536.webp",1536,1536,true],"2048x2048":["https:\/\/mimitosbalanceados.com\/wp-content\/uploads\/2025\/10\/202264-1600-1600.webp",1600,1600,false],"woocommerce_thumbnail":["https:\/\/mimitosbalanceados.com\/wp-content\/uploads\/2025\/10\/202264-1600-1600-300x300.webp",300,300,true],"woocommerce_single":["https:\/\/mimitosbalanceados.com\/wp-content\/uploads\/2025\/10\/202264-1600-1600-600x600.webp",600,600,true],"woocommerce_gallery_thumbnail":["https:\/\/mimitosbalanceados.com\/wp-content\/uploads\/2025\/10\/202264-1600-1600-100x100.webp",100,100,true]},"uagb_author_info":{"display_name":"Enzo Fernando","author_link":"https:\/\/mimitosbalanceados.com\/?author=0"},"uagb_comment_info":0,"uagb_excerpt":"La exclusiva combinaci\u00f3n de ingredientes seleccionados le confiere a las f\u00f3rmulas Excellent\u00ae la propiedad de generar cambios significativos en la calidad de vida de los perros y gatos, a trav\u00e9s de una nutrici\u00f3n de vanguardia con beneficios f\u00e1cilmente comprobables, que van desde una protecci\u00f3n extra al sistema de defensas, un incremento en la absorci\u00f3n de...","_links":{"self":[{"href":"https:\/\/mimitosbalanceados.com\/index.php?rest_route=\/wp\/v2\/product\/5975","targetHints":{"allow":["GET"]}}],"collection":[{"href":"https:\/\/mimitosbalanceados.com\/index.php?rest_route=\/wp\/v2\/product"}],"about":[{"href":"https:\/\/mimitosbalanceados.com\/index.php?rest_route=\/wp\/v2\/types\/product"}],"replies":[{"embeddable":true,"href":"https:\/\/mimitosbalanceados.com\/index.php?rest_route=%2Fwp%2Fv2%2Fcomments&post=5975"}],"wp:featuredmedia":[{"embeddable":true,"href":"https:\/\/mimitosbalanceados.com\/index.php?rest_route=\/wp\/v2\/media\/5976"}],"wp:attachment":[{"href":"https:\/\/mimitosbalanceados.com\/index.php?rest_route=%2Fwp%2Fv2%2Fmedia&parent=5975"}],"wp:term":[{"taxonomy":"product_brand","embeddable":true,"href":"https:\/\/mimitosbalanceados.com\/index.php?rest_route=%2Fwp%2Fv2%2Fproduct_brand&post=5975"},{"taxonomy":"product_cat","embeddable":true,"href":"https:\/\/mimitosbalanceados.com\/index.php?rest_route=%2Fwp%2Fv2%2Fproduct_cat&post=5975"},{"taxonomy":"product_tag","embeddable":true,"href":"https:\/\/mimitosbalanceados.com\/index.php?rest_route=%2Fwp%2Fv2%2Fproduct_tag&post=5975"}],"curies":[{"name":"wp","href":"https:\/\/api.w.org\/{rel}","templated":true}]}}